 when 177 is divided by 45?
42
Calculate the remainder when 11 is divided by 6.
5
What is the remainder when 41170 is divided by 188?
186
Calculate the remainder when 20 is divided by 5.
0
What is the remainder when 6343 is divided by 905?
8
What is the remainder when 660 is divided by 17?
14
Calculate the remainder when 165 is divided by 87.
78
What is the remainder when 52 is divided by 6?
4
Calculate the remainder when 244 is divided by 24.
4
Calculate the remainder when 266 is divided by 138.
128
Calculate the remainder when 86 is divided by 33.
20
Calculate the remainder when 1072 is divided by 180.
172
What is the remainder when 104 is divided by 28?
20
What is the remainder when 332 is divided by 9?
8
What is the remainder when 822 is divided by 25?
22
What is the remainder when 51 is divided by 20?
11
Calculate the remainder when 114 is divided by 30.
24
Calculate the remainder when 77 is divided by 28.
21
Calculate the remainder when 121 is divided by 42.
37
Calculate the remainder when 390 is divided by 41.
21
What is the remainder when 5286 is divided by 23?
19
Calculate the remainder when 97 is divided by 25.
22
What is the remainder when 2261 is divided by 151?
147
What is the remainder when 45 is divided by 23?
22
Calculate the remainder when 118 is divided by 34.
16
Calculate the remainder when 1428 is divided by 9.
6
Calculate the remainder when 1642 is divided by 821.
0
What is the remainder when 154 is divided by 30?
4
Calculate the remainder when 1168 is divided by 65.
63
Calculate the remainder when 119 is divided by 20.
19
What is the remainder when 585 is divided by 17?
7
Calculate the remainder when 1184 is divided by 592.
0
Calculate the remainder when 868 is divided by 289.
1
Calculate the remainder when 1263 is divided by 325.
288
What is the remainder when 1823 is divided by 203?
199
Calculate the remainder when 51 is divided by 9.
6
What is the remainder when 59 is divided by 34?
25
Calculate the remainder when 297 is divided by 100.
97
Calculate the remainder when 649 is divided by 82.
75
Calculate the remainder when 89 is divided by 40.
9
What is the remainder when 5 is divided by 3?
2
Calculate the remainder when 153 is divided by 28.
13
Calculate the remainder when 644 is divided by 9.
5
Calculate the remainder when 996 is divided by 321.
33
What is the remainder when 1710 is divided by 133?
114
Calculate the remainder when 461 is divided by 66.
65
Calculate the remainder when 729 is divided by 15.
9
Calculate the remainder when 240 is divided by 27.
24
Calculate the remainder when 539 is divided by 20.
19
Calculate the remainder when 76586 is divided by 29.
26
Calculate the remainder when 562 is divided by 149.
115
What is the remainder when 3904 is divided by 12?
4
What is the remainder when 690 is divided by 70?
60
What is the remainder when 324 is divided by 5?
4
What is the remainder when 75 is divided by 12?
3
Calculate the remainder when 99 is divided by 91.
8
What is the remainder when 569 is divided by 22?
19
What is the remainder when 3245 is divided by 8?
5
Calculate the remainder when 116 is divided by 36.
8
What is the remainder when 173 is divided by 140?
33
What is the remainder when 1592 is divided by 391?
28
What is the remainder when 167 is divided by 84?
83
What is the remainder when 117 is divided by 25?
17
Calculate the remainder when 107 is divided by 55.
52
What is the remainder when 166 is divided by 19?
14
What is the remainder when 47 is divided by 30?
17
Calculate the remainder when 611 is divided by 162.
125
Calculate the remainder when 208 is divided by 18.
10
Calculate the remainder when 1774 is divided by 48.
46
What is the remainder when 801 is divided by 35?
31
Calculate the remainder when 42 is divided by 16.
10
Calculate the remainder when 712 is divided by 17.
15
Calculate the remainder when 485 is divided by 27.
26
What is the remainder when 647 is divided by 12?
11
Calculate the remainder when 238 is divided by 62.
52
What is the remainder when 1869 is divided by 13?
10
Calculate the remainder when 2349 is divided by 25.
24
What is the remainder when 23 is divided by 6?
5
Calculate the remainder when 783 is divided by 263.
257
Calculate the remainder when 310 is divided by 26.
24
Calculate the remainder when 779 is divided by 42.
23
What is the remainder when 386 is divided by 67?
51
What is the remainder when 67 is divided by 24?
19
What is the remainder when 8457 is divided by 16?
9
Calculate the remainder when 969 is divided by 311.
36
Calculate the remainder when 76 is divided by 22.
10
What is the remainder when 633 is divided by 159?
156
Calculate the remainder when 2842 is divided by 158.
156
What is the remainder when 50 is divided by 11?
6
Calculate the remainder when 571 is divided by 3.
1
What is the remainder when 1405 is divided by 235?
230
What is the remainder when 104 is divided by 4?
0
What is the remainder when 323 is divided by 79?
7
What is the remainder when 470 is divided by 25?
20
Calculate the remainder when 502 is divided by 67.
33
Calculate the remainder when 1398 is divided by 98.
26
What is the remainder when 1436 is divided by 358?
4
What is the remainder when 727 is divided by 209?
100
Calculate the remainder when 1148 is divided by 46.
44
Calculate the remainder when 1467 is divided by 368.
363
Calculate the remainder when 611 is divided by 51.
50
What is the remainder when 1134 is divided by 114?
108
What is the remainder when 6498 is divided by 11?
8
Calculate the remainder when 500 is divided by 28.
24
Calculate the remainder when 204 is divided by 82.
40
What is the remainder when 26 is divided by 26?
0
Calculate the remainder when 19187 is divided by 234.
233
Calculate the remainder when 257 is divided by 28.
5
What is the remainder when 2622 is divided by 164?
162
What is the remainder when 922 is divided by 147?
40
What is the remainder when 967 is divided by 166?
137
What is the remainder when 11744 is divided by 7?
5
Calculate the remainder when 113 is divided by 9.
5
Calculate the remainder when 34 is divided by 16.
2
What is the remainder when 4612 is divided by 2283?
46
Calculate the remainder when 114 is divided by 38.
0
What is the remainder when 749 is divided by 26?
21
What is the remainder when 2309 is divided by 1152?
5
What is the remainder when 116 is divided by 39?
38
What is the remainder when 529 is divided by 83?
31
Calculate the remainder when 230 is divided by 58.
56
What is the remainder when 169 is divided by 86?
83
What is the remainder when 6609 is divided by 19?
16
Calculate the remainder when 29879 is divided by 8.
7
Calculate the remainder when 104 is divided by 7.
6
What is the remainder when 145 is divided by 128?
17
What is the remainder when 341 is divided by 164?
13
What is the remainder when 5 is divided by 3?
2
What is the remainder when 186 is divided by 86?
14
What is the remainder when 71 is divided by 12?
11
Calculate the remainder when 5271 is divided by 132.
123
What is the remainder when 1291 is divided by 76?
75
What is the remainder when 195 is divided by 9?
6
Calculate the remainder when 134 is divided by 90.
44
Calculate the remainder when 244 is divided by 6.
4
What is the remainder when 742 is divided by 22?
16
Calculate the remainder when 211 is divided by 64.
19
What is the remainder when 2398 is divided by 96?
94
Calculate the remainder when 334 is divided by 34.
28
What is the remainder when 344 is divided by 14?
8
What is the remainder when 1718 is divided by 85?
18
What is the remainder when 498 is divided by 164?
6
What is the remainder when 652 is divided by 318?
16
Calculate the remainder when 1059 is divided by 294.
177
What is the remainder when 115 is divided by 39?
37
Calculate the remainder when 821 is divided by 36.
29
Calculate the remainder when 5386 is divided by 1794.
4
What is the remainder when 477 is divided by 35?
22
What is the remainder when 1128 is divided by 39?
36
What is the remainder when 20 is divided by 13?
7
Calculate the remainder when 111 is divided by 32.
15
Calculate the remainder when 935 is divided by 67.
64
Calculate the remainder when 238 is divided by 75.
13
What is the remainder when 115 is divided by 74?
41
What is the remainder when 1730 is di